 divisor of 1946958 and 3206?
458
What is the greatest common divisor of 15419 and 1729649?
907
What is the greatest common divisor of 1626 and 8564684?
542
Calculate the highest common divisor of 113042 and 1516322.
3898
What is the greatest common factor of 49404758 and 52?
26
Calculate the greatest common factor of 168 and 37634296.
56
What is the greatest common divisor of 11254 and 1852938?
662
What is the greatest common factor of 275915780 and 1020?
340
What is the highest common divisor of 7850467 and 4622?
2311
What is the highest common divisor of 12 and 6955332?
12
What is the greatest common divisor of 476533175 and 5420?
1355
Calculate the highest common divisor of 102992 and 839024.
656
Calculate the highest common divisor of 335424 and 2304.
192
Calculate the greatest common divisor of 6 and 32772891.
3
Calculate the greatest common factor of 41317221 and 165.
33
Calculate the highest common factor of 33 and 451864611.
33
Calculate the highest common divisor of 773 and 34737847.
773
What is the greatest common factor of 500 and 24375500?
500
Calculate the greatest common factor of 12193331 and 1493.
1493
Calculate the highest common factor of 728 and 15866214.
182
Calculate the greatest common factor of 62643 and 13628699.
1099
What is the highest common factor of 307379328 and 5376?
384
Calculate the greatest common divisor of 11976 and 25410078.
2994
Calculate the highest common factor of 808685408 and 32.
32
What is the greatest common divisor of 18 and 1079873532?
18
Calculate the highest common factor of 99 and 41901717.
33
Calculate the greatest common factor of 2179955 and 10271536.
3433
Calculate the greatest common divisor of 4071 and 7271455.
59
Calculate the greatest common factor of 1463250 and 1336500.
750
Calculate the greatest common divisor of 574 and 272132.
14
What is the greatest common divisor of 996785 and 5?
5
What is the greatest common factor of 3574867 and 69184?
1081
What is the greatest common divisor of 2560032 and 1332?
36
What is the highest common factor of 287875 and 51018500?
5875
What is the highest common divisor of 37486664 and 72?
8
Calculate the highest common factor of 192598 and 224.
14
Calculate the highest common divisor of 31085720 and 1620.
20
What is the highest common divisor of 116996 and 297?
11
Calculate the highest common divisor of 171 and 147555.
9
What is the highest common factor of 228 and 43491836?
76
What is the greatest common divisor of 468 and 1251792?
36
Calculate the greatest common factor of 342 and 16737309.
171
Calculate the greatest common divisor of 75480 and 6171.
51
Calculate the greatest common divisor of 44226 and 18826668.
3402
Calculate the greatest common factor of 51796 and 2012162.
1126
What is the highest common divisor of 636 and 1641?
3
What is the greatest common factor of 6055976 and 4303?
331
What is the highest common factor of 1690988512 and 577?
577
What is the highest common factor of 57716 and 40420?
188
What is the highest common divisor of 75119694 and 66378?
2886
Calculate the greatest common factor of 6414604 and 7028.
28
Calculate the highest common factor of 3172 and 3149380.
52
What is the highest common factor of 308 and 25037012?
308
What is the highest common divisor of 527 and 5687537?
17
Calculate the greatest common factor of 354164 and 6993.
37
What is the highest common divisor of 370 and 163110985?
185
What is the highest common divisor of 1010922 and 301146?
318
What is the greatest common divisor of 7957 and 119657366?
7957
What is the highest common divisor of 158556 and 84708?
2172
Calculate the greatest common divisor of 30024 and 156168.
216
Calculate the highest common divisor of 348213 and 6099.
57
Calculate the greatest common factor of 33724210 and 1610.
230
Calculate the greatest common factor of 3854291 and 59976.
833
Calculate the greatest common factor of 11384 and 120483987.
1423
Calculate the greatest common divisor of 24234 and 140280.
42
Calculate the greatest common factor of 1910808 and 2304.
72
Calculate the greatest common factor of 103675 and 105806558.
4147
Calculate the greatest common divisor of 140710 and 99010.
10
What is the highest common factor of 1371277 and 49288?
101
Calculate the highest common factor of 17620 and 410.
10
Calculate the highest common divisor of 92537 and 320087.
1517
What is the highest common factor of 10196230 and 880?
110
Calculate the greatest common divisor of 2684 and 1610940826.
1342
Calculate the highest common divisor of 8441 and 157297.
23
What is the highest common factor of 194578 and 34688?
542
What is the highest common factor of 396 and 161392?
44
Calculate the highest common divisor of 5402447 and 164.
41
Calculate the highest common divisor of 233262850 and 50.
50
What is the highest common factor of 26411132 and 11792?
2948
Calculate the greatest common divisor of 352 and 9613076.
44
Calculate the highest common factor of 270596482 and 1378.
1378
What is the highest common divisor of 517926 and 36186?
222
Calculate the greatest common divisor of 12294 and 1089385.
683
What is the highest common factor of 481898 and 1347588?
166
Calculate the greatest common divisor of 42525 and 2136225.
525
What is the highest common factor of 22524044 and 152?
76
What is the greatest common factor of 697 and 125919?
17
What is the highest common divisor of 791472 and 118536?
264
Calculate the highest common factor of 17605 and 2715697.
503
Calculate the greatest common factor of 193098555 and 507.
507
What is the highest common factor of 893921 and 5257?
7
Calculate the highest common factor of 244950 and 2070.
690
What is the greatest common divisor of 11396 and 43220884?
1036
Calculate the greatest common divisor of 1138 and 35210858.
1138
Calculate the highest common divisor of 1422176 and 1098377.
6349
Calculate the highest common divisor of 139556 and 93623.
251
Calculate the highest common divisor of 3168 and 90230624.
352
Calculate the highest common factor of 74448 and 17875.
11
Calculate the greatest common factor of 85330652 and 286.
22
What is the greatest common factor of 2318490 and 93?
93
Calculate the greatest common divisor of 14610032 and 317439.
3919
What is the greatest common factor of 6993 and 2771041?
259
Calculate the greatest common divisor of 179724 and 339932.
68
What is the greatest common divisor of 6737782 and 16?
2
What is the highest common divisor of 33 and 29157753?
3
Calculate the greatest common divisor of 6055 and 127631.
7
Calculate the highest common factor of 1176 and 5925516.
12
What is the greatest common factor of 1461000744 and 7308?
7308
Calculate the highest common divisor of 9688 and 1482859812.
4844
Calculate the highest common factor of 46368 and 13734.
126
Calculate the highest common factor of 4163 and 1235.
1
What is the greatest common divisor of 83866 and 10963?
19
Calculate the greatest common divisor of 214630596 and 71316.
10188
What is the greatest common divisor of 274315 and 388007?
661
What is the highest common factor of 16 and 243496612?
4
Calculate the greatest common divisor of 42994 and 25102798.
518
What is the greatest common factor of 173188 and 1725908?
5972
What is the highest common divisor of 176 and 3915560?
88
What is the greatest common factor of 164700201 and 6?
3
Calculate the highest common factor of 1812 and 15278.
2
What is the highest common factor of 85100 and 8645050?
1850
Calculate the highest common divisor of 296 and 234068438.
74
What is the greatest common divisor of 188704188 and 2619?
2619
What is the highest common divisor of 7667 and 668423?
697
Calculate the highest common divisor of 260 and 3234685.
5
What is the highest common factor of 96979558 and 26?
26
What is the highest common divisor of 51437593 and 6927?
2309
What is the highest common divisor of 546920 and 8448?
88
Calculate the greatest common divisor of 2395793 and 442.
17
What is the highest common divisor of 14344800 and 3600?
1200
Calculate the highest common factor of 22707991 and 1552.
97
What is the greatest common factor of 57 and 48526950?
57
Calculate the greatest common divisor of 6324 and 594959812.
2108
What is the highest common divisor of 220736204 and 156?
52
Calculate the greatest common divisor of 1